 = 2*s**3 - 8*s**2 - 8*s + 32. Let r be a(4). Suppose -3*c + 200 = 5*z, -2*c + 5*z - 3*z + 128 = r. What is the greatest common divisor of c and 52?
13
Let q(f) = 38*f**2 + 7*f + 14. Let r be q(-1). Let n(u) = -u**3 + 12*u**2 + 3*u + 9. Let h be n(12). What is the greatest common factor of h and r?
45
Suppose 72*n - 26272 = 38024. Calculate the greatest common divisor of n and 329.
47
Let p = -66 - -127. Suppose -69*v + 115 + 12695 = 36*v. Calculate the greatest common factor of v and p.
61
Let h(j) = j**2 + 15*j + 55. Let m be h(-7). Let z be 22*4 - (-1 + 0)*m. What is the highest common factor of z and 29?
29
Suppose 2*a + 5*k = 5177, 3*a = 13*k - 10*k + 7734. Calculate the highest common factor of a and 89.
89
Suppose 37*a = 62*a - 72250. Calculate the highest common divisor of 34 and a.
34
Let g = -85 + 197. Suppose -4*j + 2*h + 176 = 0, -2*j = -0*j + 5*h - g. What is the highest common divisor of j and 2?
2
Suppose -1275 + 499 = -r + 4*n, 3*n - 9813 = -13*r. What is the greatest common divisor of 84 and r?
84
Suppose 37*f - 1290 = -35*f + 70*f. What is the greatest common divisor of f and 270?
15
Let h be 106/3 - 2/(-3). Suppose 187*j + 180 = 232*j. What is the greatest common divisor of h and j?
4
Let h = 16405 - 16117. What is the greatest common factor of h and 6144?
96
Let x(q) = 2*q**2 + 11*q - 1082. Let i be x(-32). What is the greatest common factor of i and 10?
2
Let o(f) = 70*f**2 + 202*f - 201. Let x be o(1). What is the highest common divisor of 3337 and x?
71
Let r be ((-3)/(45/(-105)))/(3/21). Calculate the greatest common factor of 21 and r.
7
Let o = -2806 + 6634. Let r be (o/(-290))/((-1)/5). What is the greatest common factor of r and 660?
66
Suppose 116 = -2*x + 350. Let j(f) = f + 43. Let q be j(-7). What is the highest common factor of x and q?
9
Let r(z) = -10*z**3 + 8*z**2 - 28*z - 169. Let o be r(-5). What is the highest common divisor of o and 290?
29
Let g = -5149 + -819. Let a be ((-1)/1)/(-3 + g/(-1992)). What is the greatest common divisor of 3 and a?
3
Let f = -2335 - -2535. Calculate the highest common divisor of f and 1300.
100
Let f be (-189)/18*(-32)/6. Let l(c) = c**2 - 21*c + 20. Let b be l(20). Let k = b + f. Calculate the highest common divisor of k and 16.
8
Suppose 2*v + 2*f - 10 = -2, 2*f = -3*v + 10. Let u(t) = -3*t**2 + 13*t + 10. Let r be u(-5). Let s = r + 133. What is the greatest common factor of s and v?
1
Let u(f) = f**3 - 2*f. Let q be 15/7 - (-12)/(-84). Let i be u(q). What is the greatest common factor of 52 and i?
4
Let h be 28/560*2150*156/10. Calculate the greatest common factor of 273 and h.
39
Let n(o) = o**2 - 8*o - 7. Let w be n(9). Let p be (-4 - w)*(-20)/15. Calculate the greatest common factor of p and 24.
8
Suppose -264*h + 133*h - 510 = -136*h. Calculate the highest common divisor of 4556 and h.
34
Let q = 320 + -303. Let v be (q/(-5))/((-5)/125). Calculate the greatest common factor of 153 and v.
17
Let k = 7233 + -7231. Calculate the highest common factor of 134 and k.
2
Let d be -15*(-2)/12*2. Suppose 5*u - 46 = 4*m, 5*m = d*u - 38 - 12. What is the greatest common factor of u and 162?
6
Let p = 46 + -42. Suppose a + 2*u + 20 = 3*a, p*a - 5*u = 42. Let z be -1*18/a*(-1 - 3). Calculate the greatest common divisor of 72 and z.
9
Suppose u - 1 - 3 = 0. Suppose y = 5*f + 69, 2*y + 80 = -u*f + 218. Suppose 5*l = y - 4. Calculate the highest common divisor of 26 and l.
13
Let b(j) = j**3 - 4*j**2 + 3*j - 6. Let c be b(6). Let z(g) = 1133*g + 10209. Let x be z(-9). Calculate the highest common factor of x and c.
12
Let m = 752 + -505. Let w be (0 - 4) + 119/7. Calculate the highest common factor of w and m.
13
Suppose 3*x = x + 192. Let q be 0/(1/1) - ((-3740)/34 + 46). Calculate the highest common factor of x and q.
32
Let s be 648/6*27/2. Let y = 932 - 914. Calculate the highest common factor of s and y.
18
Suppose u = 3 - 0. Let h be (-4)/(-12) - (-56)/u. Let b be (-13)/1 + 9075/55. What is the greatest common divisor of b and h?
19
Suppose 110*q + 106*q = 211*q + 35. Suppose 2*z - 8*z + 168 = 0. Calculate the highest common divisor of q and z.
7
Suppose -150*c = -149*c - 4. Suppose -18*s + 4*d = -17*s - 112, -c*d + 260 = 2*s. What is the greatest common factor of 310 and s?
62
Suppose 3*y = n - 297, 756*n = 752*n - 5*y + 1256. Calculate the greatest common factor of n and 2987.
103
Let f be (1 + (-95)/(-5))*(-10)/(-4). Suppose -5*p = -5*c - f, 0 = 3*p + p - 5*c - 44. Calculate the highest common factor of p and 26.
2
Let p(w) be the third derivative of -5*w**4/24 - 2*w**3 - 42*w**2. Let v be p(-6). What is the greatest common divisor of 45 and v?
9
Suppose -4842 + 302 = -10*h. Suppose -b + h = 3*c + c, 0 = 5*c + 2*b - 566. Calculate the greatest common factor of c and 285.
57
Let f(x) = 2*x**2 - 20*x + 32. Let b(r) = -20*r - 229. Let g be b(-11). Let w be f(g). Let q = 97 - 63. What is the greatest common factor of w and q?
34
Let q(u) = 28*u - 1671. Let s be q(63). What is the greatest common factor of 310 and s?
31
Suppose -22*b + 4203 = -19*b + 6*o, -2*o = 2*b - 2792. Calculate the highest common factor of 856 and b.
107
Let s be (-9)/(-6) + (-3)/6. Let k(c) = c**3 + 3*c**2 - 5*c - 4. Let u be k(-4). Suppose -3*v + 87 - 30 = u. What is the highest common divisor of v and s?
1
Suppose -411*j + 410*j + 3*r = -6681, 5*j - r - 33419 = 0. What is the greatest common divisor of 48 and j?
12
Let x(w) = 6 + 0 + 3*w + w + 15 - w**2. Let q be x(6). Suppose 5*u - 491 = -2*g, 5*u + 3*g = -1 + 490. What is the highest common factor of q and u?
9
Let x be 6 + 4/6 + (-126)/27. Suppose 0 = -2*h - x*v + 2088, 2*h + 17*v - 2060 = 22*v. What is the highest common factor of 40 and h?
40
Let f = 10079 - 8492. What is the greatest common factor of 966 and f?
69
Suppose -1360 = -26*o + 16*o. Let i = o + -91. Let z be 4/2 - (-28 + 0). Calculate the highest common divisor of z and i.
15
Let n(p) = -20*p**3 + 4*p**2 + 4*p + 7. Let v be n(-3). Let h = v + -326. What is the highest common factor of 98 and h?
49
Let p = -31237 - -39205. What is the greatest common divisor of 160 and p?
32
Let f be 21 - (18 - (-14 + 2709)). Calculate the greatest common factor of f and 284.
142
Let j(i) = -11*i**2 - 29*i + 142. Let n(w) = -20*w**2 - 59*w + 283. Let z(b) = 11*j(b) - 6*n(b). Let c be z(24). What is the greatest common factor of 48 and c?
16
Let v = 53 - 51. Suppose -3*h - 2*j = -286, 0 = v*h + 2*j - 183 - 7. Let o be (-2)/(-1 - 25/(-30)). What is the highest common factor of o and h?
12
Let v be -21 + 531 + (-1 - -5). What is the highest common factor of 4 and v?
2
Suppose -x + 48 = 31. Suppose -x = -2*z + 2*b - 5, -20 = 5*b. Let c(o) = o**2 + 5*o - 3. Let t be c(z). What is the greatest common divisor of 99 and t?
11
Let r be ((-3)/5)/(182/(-35) + 5). Suppose 2 = -r*d + 17. Suppose 3*v - d*i = 677, 3 - 6 = 3*i. What is the greatest common divisor of 28 and v?
28
Suppose 4*f = o - 63, 3*o + 6*f - 2*f - 157 = 0. Suppose -9 = -i - 2*r + o, -5*r = 20. Calculate the highest common factor of i and 360.
72
Let w be 12/18*3 - -3. Suppose i = -5*d + 70, -5 = -w*d - 2*i + 60. Calculate the greatest common factor of d and 15.
15
Suppose j = 4*i + 1401 + 106, 11*j - 5*i - 16460 = 0. Calculate the highest common divisor of j and 585.
65
Suppose -4*p + 28 = -4*v, -4*v - 10 = 5*p - 18. Let q be (28/21)/(p/(-186)). Let g = -34 - q. What is the greatest common divisor of g and 28?
28
Let a be -9 + (-105)/(-7) - -559. What is the greatest common divisor of a and 1921?
113
Let r = -2664 - -2774. Calculate the greatest common factor of r and 3410.
110
Let d(w) = 46*w - 44. Let h be d(6). Let a = h - 172. Calculate the highest common divisor of 420 and a.
60
Suppose 0 = 7*q + 866 + 1409. Let g = q + 355. Calculate the greatest common divisor of 45 and g.
15
Let u be 0/(0 + 1) + 3/1. Let s(g) = 6*g + 8 - 171*g**3 + 4*g - u*g**2 + 170*g**3. Let n be s(-6). Calculate the greatest common factor of 7 and n.
7
Let s = -1839 + 2014. Let a(i) = 2*i**2 - 4*i + 2. Let g be a(-4). Calculate the greatest common divisor of s and g.
25
Suppose 657 = 3*v - 432. Let q = v + -311. What is the greatest common factor of q and 234?
26
Let i = 84 + -333. Let j = 449 + i. Suppose -s + 200 = 4*g, 0 = -3*g - g - 5*s + j. Calculate the greatest